{"id":212,"date":"2023-09-13T08:57:30","date_gmt":"2023-09-13T12:57:30","guid":{"rendered":"https:\/\/policiascaninosisrrael.com.ve\/pciwp\/?page_id=212"},"modified":"2023-09-20T09:59:03","modified_gmt":"2023-09-20T13:59:03","slug":"la-empresa","status":"publish","type":"page","link":"https:\/\/policiascaninosisrrael.com.ve\/pciwp\/la-empresa\/","title":{"rendered":"La Empresa"},"content":{"rendered":"<p><div class=\"et_d4_element et_pb_section et_pb_section_0 et_pb_with_background  et_pb_css_mix_blend_mode et_section_regular et_block_section\" >\n\t\t\t\t\n\t\t\t\t\n\t\t\t\t\n\t\t\t\t<span class=\"et_pb_background_pattern\"><\/span>\n\t\t\t\t\n\t\t\t\t\n\t\t\t\t<div class=\"et_d4_element et_pb_row et_pb_row_0  et_pb_css_mix_blend_mode et_block_row\">\n\t\t\t\t<div class=\"et_d4_element et_pb_column_1_2 et_pb_column et_pb_column_0  et_pb_css_mix_blend_mode et_block_column\">\n\t\t\t\t\n\t\t\t\t\n\t\t\t\t\n\t\t\t\t\n\t\t\t\t<div class=\"et_pb_module et_d4_element et_pb_image et_pb_image_0\">\n\t\t\t\t\n\t\t\t\t\n\t\t\t\t\n\t\t\t\t\n\t\t\t\t<span class=\"et_pb_image_wrap has-box-shadow-overlay\"><div class=\"box-shadow-overlay\"><\/div><img loading=\"lazy\" decoding=\"async\" width=\"936\" height=\"640\" src=\"https:\/\/policiascaninosisrrael.com.ve\/pciwp\/wp-content\/uploads\/2023\/09\/2CursoUOTE005_001.jpeg\" alt=\"\" title=\"2CursoUOTE005_001\" srcset=\"https:\/\/policiascaninosisrrael.com.ve\/pciwp\/wp-content\/uploads\/2023\/09\/2CursoUOTE005_001.jpeg 936w, https:\/\/policiascaninosisrrael.com.ve\/pciwp\/wp-content\/uploads\/2023\/09\/2CursoUOTE005_001-300x205.jpeg 300w, https:\/\/policiascaninosisrrael.com.ve\/pciwp\/wp-content\/uploads\/2023\/09\/2CursoUOTE005_001-768x525.jpeg 768w\" sizes=\"(max-width: 936px) 100vw, 936px\" class=\"wp-image-176\" \/><\/span>\n\t\t\t<\/div>\n\t\t\t<\/div><div class=\"et_d4_element et_pb_column_1_2 et_pb_column et_pb_column_1  et_pb_css_mix_blend_mode et-last-child et_block_column\">\n\t\t\t\t\n\t\t\t\t\n\t\t\t\t\n\t\t\t\t\n\t\t\t\t<div class=\"et_pb_module et_d4_element et_pb_text et_pb_text_0  et_pb_text_align_left et_pb_bg_layout_light\">\n\t\t\t\t\n\t\t\t\t\n\t\t\t\t\n\t\t\t\t\n\t\t\t\t<div class=\"et_pb_text_inner\"><p style=\"text-align: justify;\"><span style=\"font-size: 10pt;\"><strong>Polic\u00edas Caninos Isrrael<\/strong> es una de las compa\u00f1\u00edas m\u00e1s importantes en el mundo de perros de polic\u00eda y otros perros de trabajo.<\/span><\/p>\n<p style=\"text-align: justify;\"><span style=\"font-size: 10pt;\">Su propietario, <strong>Isrrael J. Mendoza R<\/strong>. es un pionero en Latinoamerica de esta industria. Comenz\u00f3 en 1982, cuando trabajar con perros era solo un jovi, la compa\u00f1\u00eda ha ido creciendo. Nuestro nivel de habilidades y experiencia, significa que podemos ofrecer a nuestros clientes perros de m\u00e1xima calidad.<\/span><\/p>\n<p style=\"text-align: justify;\"><span style=\"font-size: 10pt;\"><strong>Polic\u00edas Caninos Isrrael<\/strong>, tiene residencias para alojar 40 perros, cuenta con adiestradores profesionales e instalaciones de entrenamiento. Nuestra clientela nacional e internacional es la prueba del servicio que ofrecemos. M\u00e1s de 50 agencias gubernamentales, institutos, defensa y servicios de polic\u00eda siguen confiando en nuestro profesionalismo en la maximizaci\u00f3n de la calidad con la que trabajamos.<\/span><\/p><\/div>\n\t\t\t<\/div>\n\t\t\t<\/div>\n\t\t\t\t\n\t\t\t\t\n\t\t\t\t\n\t\t\t\t\n\t\t\t<\/div>\n\t\t\t\t\n\t\t\t\t\n\t\t\t<\/div><div class=\"et_d4_element et_pb_section et_pb_section_1  et_pb_css_mix_blend_mode et_section_regular et_block_section\" >\n\t\t\t\t\n\t\t\t\t\n\t\t\t\t\n\t\t\t\t\n\t\t\t\t\n\t\t\t\t\n\t\t\t\t<div class=\"et_d4_element et_pb_row et_pb_row_1  et_pb_css_mix_blend_mode et_block_row\">\n\t\t\t\t<div class=\"et_d4_element et_pb_column_4_4 et_pb_column et_pb_column_2  et_pb_css_mix_blend_mode et-last-child et_block_column\">\n\t\t\t\t\n\t\t\t\t\n\t\t\t\t\n\t\t\t\t\n\t\t\t\t<div class=\"et_pb_module et_d4_element et_pb_text et_pb_text_1  et_pb_text_align_left et_pb_bg_layout_light\">\n\t\t\t\t\n\t\t\t\t\n\t\t\t\t\n\t\t\t\t\n\t\t\t\t<div class=\"et_pb_text_inner\"><p style=\"text-align: justify;\"><span style=\"font-size: 14pt;\"><strong>\u00bfCu\u00e1les son los beneficios de trabajar con nosotros?<\/strong><\/span><\/p>\n<p style=\"text-align: justify;\"><span style=\"font-size: 12pt;\"><strong>Nuestras instalaciones<\/strong><\/span><br \/><span style=\"font-size: 10pt;\"><\/span><\/p>\n<p style=\"text-align: justify;\"><span style=\"font-size: 10pt;\">Est\u00e1n dise\u00f1adas expresamente para el entrenamiento especializado de perros de trabajo policial y seguridad.<\/span><br \/><span style=\"text-decoration: underline; font-size: 10pt;\"> <\/span><\/p>\n<p style=\"text-align: justify;\"><span style=\"text-decoration: underline; font-size: 10pt;\">Contamos con las siguientes \u00e1reas de formaci\u00f3n:<\/span><\/p>\n<ul>\n<li style=\"text-align: justify;\"><span style=\"font-size: 10pt;\">Patrullaje.<\/span><\/li>\n<li style=\"text-align: justify;\"><span style=\"font-size: 10pt;\">Narc\u00f3ticos.<\/span><\/li>\n<li style=\"text-align: justify;\"><span style=\"font-size: 10pt;\">Explosivos.<\/span><\/li>\n<li style=\"text-align: justify;\"><span style=\"font-size: 10pt;\">Cad\u00e1veres.<\/span><\/li>\n<li style=\"text-align: justify;\"><span style=\"font-size: 10pt;\">Minas.<\/span><\/li>\n<li style=\"text-align: justify;\"><span style=\"font-size: 10pt;\">Ubicaci\u00f3n y localizaci\u00f3n de sujetos en \u00e1reas boscosas y de estructuras.<\/span><\/li>\n<\/ul>\n<p style=\"text-align: justify;\"><span style=\"font-size: 10pt;\">Los campos de entrenamiento est\u00e1n situados en las proximidades de una monta\u00f1a, una situaci\u00f3n ideal para los ejemplares caninos.<\/span><\/p>\n<p style=\"text-align: justify;\"><span style=\"font-size: 12pt;\"><strong>Nuestros ejemplares<\/strong><\/span><br \/><span style=\"font-size: 10pt;\"><\/span><\/p>\n<p style=\"text-align: justify;\"><span style=\"font-size: 10pt;\">Los perros que adquirimos son sujetos a criterios de selecci\u00f3n muy rigurosos. Se someten a una inspecci\u00f3n m\u00e9dica antes de permitirle la entrada a las instalaciones. <\/span><\/p>\n<p style=\"text-align: justify;\"><span style=\"font-size: 10pt;\">A lo largo de los a\u00f1os hemos fomentado una extensa red en el mercado Europeo y Americano. As\u00ed se asegura el acceso y la entrega de perros de alta calidad y es la raz\u00f3n principal de nuestra presencia en el mundo.<\/span><\/p>\n<p style=\"text-align: justify;\"><span style=\"font-size: 12pt;\"><strong>Log\u00edstica y operaciones<\/strong><\/span><br \/><span style=\"font-size: 10pt;\"><strong><\/strong><\/span><\/p>\n<p style=\"text-align: justify;\"><span style=\"font-size: 10pt;\"><strong>Polic\u00edas Caninos Isrrael<\/strong>, ha a\u00f1adido beneficios en la uni\u00f3n de necesidades log\u00edsticas internacionales.<\/span><br \/><span style=\"font-size: 10pt;\"><strong><\/strong><\/span><\/p>\n<p style=\"text-align: justify;\"><span style=\"font-size: 10pt;\"><strong>Polic\u00edas Caninos Isrrael<\/strong>, puede entregar perros seleccionados a cualquier destino en el mundo.<\/span><br \/><span style=\"font-size: 10pt;\"> Nosotros cuidamos hasta el mas m\u00ednimo detalle, experimentar e innovar es lo que ha hecho de <strong>Polic\u00edas Caninos Isrrael<\/strong>, un compa\u00f1ero indispensable para su organizaci\u00f3n.<\/span><br \/><span style=\"font-size: 10pt;\"> <\/span><\/p>\n<p style=\"text-align: justify;\"><span style=\"font-size: 10pt;\">Nos esforzamos por dar los mejores servicios y productos con la mayor calidad a todos nuestros clientes y esto nos ha hecho uno de los proveedores m\u00e1s importantes de perros de trabajo en todo el mundo.<\/span><\/p><\/div>\n\t\t\t<\/div>\n\t\t\t<\/div>\n\t\t\t\t\n\t\t\t\t\n\t\t\t\t\n\t\t\t\t\n\t\t\t<\/div><div class=\"et_d4_element et_pb_row et_pb_row_2  et_pb_css_mix_blend_mode et_block_row\">\n\t\t\t\t<div class=\"et_d4_element et_pb_column_2_3 et_pb_column et_pb_column_3  et_pb_css_mix_blend_mode et_block_column\">\n\t\t\t\t\n\t\t\t\t\n\t\t\t\t\n\t\t\t\t\n\t\t\t\t<div class=\"et_pb_module et_d4_element et_pb_text et_pb_text_2  et_pb_text_align_left et_pb_bg_layout_light\">\n\t\t\t\t\n\t\t\t\t\n\t\t\t\t\n\t\t\t\t\n\t\t\t\t<div class=\"et_pb_text_inner\"><p style=\"text-align: justify;\"><span style=\"font-size: 12pt;\"><strong>De donde venimos<\/strong><\/span><br \/><span style=\"font-size: 10pt;\"><\/span><\/p>\n<p style=\"text-align: justify;\"><span style=\"font-size: 10pt;\">Nace como un jovi, de muy ni\u00f1o con perros de la familia, paso a fundar el club de pastores Alemanes en Vzla., por necesidades en nuestro pa\u00eds aplico en la instrucci\u00f3n de diferentes cuerpos policiales, lo que me lleva a ingresar en la polic\u00eda formando diferentes unidades caninas a nivel nacional, muchas de ellas comandadas por mi, los requerimientos propios de nuestro entorno me obligan a depurar mis conocimientos ya adquiridos en Europa hasta llegar a las manos de mi maestro el sr Toom Verschoor, reconocido figurante y competidor en la disciplina del KNPV, donde me forme como figurante de KNPV e IPO, trazador y monitor en estas dos escuelas, con el pasar de los a\u00f1os la relaci\u00f3n de amistad paso a fusionarnos en dos empresas una de servicio de perros de uso policial y otra de confecci\u00f3n y distribuci\u00f3n de equipos hoy ya con un vinculo mayor donde ambos formamos parte de una empresa internacional como lo es <strong>Polic\u00edas Caninos Isrrael<\/strong>, en este largo proceso logro hacerme Juez especialista de la raza Pastor Aleman, tanto en la parte de conformaci\u00f3n como tambi\u00e9n de maestro de selecci\u00f3n, juez internacional de IPO de la FCI, juez internacional COAPA de adiestramiento y estructura, hoy con una responsabilidad mayor brindando apoyo con nuestros conocimientos y colocando ejemplares en diferentes cuerpos de seguridad del estado venezolano y otros clientes internacionales.<\/span><\/p><\/div>\n\t\t\t<\/div>\n\t\t\t<\/div><div class=\"et_d4_element et_pb_column_1_3 et_pb_column et_pb_column_4  et_pb_css_mix_blend_mode et-last-child et_block_column\">\n\t\t\t\t\n\t\t\t\t\n\t\t\t\t\n\t\t\t\t\n\t\t\t\t<div class=\"et_pb_module et_d4_element et_pb_image et_pb_image_1\">\n\t\t\t\t\n\t\t\t\t\n\t\t\t\t\n\t\t\t\t\n\t\t\t\t<span class=\"et_pb_image_wrap has-box-shadow-overlay\"><div class=\"box-shadow-overlay\"><\/div><img loading=\"lazy\" decoding=\"async\" width=\"532\" height=\"400\" src=\"https:\/\/policiascaninosisrrael.com.ve\/pciwp\/wp-content\/uploads\/2023\/09\/41.jpg\" alt=\"\" title=\"41\" srcset=\"https:\/\/policiascaninosisrrael.com.ve\/pciwp\/wp-content\/uploads\/2023\/09\/41.jpg 532w, https:\/\/policiascaninosisrrael.com.ve\/pciwp\/wp-content\/uploads\/2023\/09\/41-300x226.jpg 300w, https:\/\/policiascaninosisrrael.com.ve\/pciwp\/wp-content\/uploads\/2023\/09\/41-510x382.jpg 510w\" sizes=\"(max-width: 532px) 100vw, 532px\" class=\"wp-image-222\" \/><\/span>\n\t\t\t<\/div>\n\t\t\t<\/div>\n\t\t\t\t\n\t\t\t\t\n\t\t\t\t\n\t\t\t\t\n\t\t\t<\/div>\n\t\t\t\t\n\t\t\t\t\n\t\t\t<\/div><div class=\"et_d4_element et_pb_section et_pb_section_2 et_pb_with_background  et_pb_css_mix_blend_mode et_section_regular et_block_section\" >\n\t\t\t\t\n\t\t\t\t\n\t\t\t\t\n\t\t\t\t\n\t\t\t\t\n\t\t\t\t\n\t\t\t\t<div class=\"et_d4_element et_pb_row et_pb_row_3  et_pb_css_mix_blend_mode et_block_row\">\n\t\t\t\t<div class=\"et_d4_element et_pb_column_4_4 et_pb_column et_pb_column_5  et_pb_css_mix_blend_mode et-last-child et_block_column\">\n\t\t\t\t\n\t\t\t\t\n\t\t\t\t\n\t\t\t\t\n\t\t\t\t<div class=\"et_pb_module et_d4_element et_pb_text et_pb_text_3  et_pb_text_align_left et_pb_bg_layout_light\">\n\t\t\t\t\n\t\t\t\t\n\t\t\t\t\n\t\t\t\t\n\t\t\t\t<div class=\"et_pb_text_inner\"><h1 style=\"text-align: center;\"><strong>Algunos de nuestros Clientes<\/strong><\/h1><\/div>\n\t\t\t<\/div><div class=\"et_pb_module et_d4_element et_pb_divider et_pb_divider_0 et_pb_space\"><div class=\"et_pb_divider_internal\"><\/div><\/div><div class=\"et_pb_module et_d4_element ba_logo_carousel ba_logo_carousel_0\">\n\t\t\t\t\n\t\t\t\t\n\t\t\t\t\n\t\t\t\t\n\t\t\t\t\n\t\t\t\t\n\t\t\t\t<div class=\"et_pb_module_inner\">\n\t\t\t\t\t<div class = \"dtq-carousel dtq-logo-carousel dtq-carousel-frontend zoom_in\" data-settings=\"{&quot;responsive&quot;:[{&quot;breakpoint&quot;:980},{&quot;breakpoint&quot;:767}],&quot;cssEase&quot;:&quot;ease-in-out&quot;,&quot;swipe&quot;:true,&quot;variableWidth&quot;:false,&quot;dots&quot;:false,&quot;arrows&quot;:true,&quot;infinite&quot;:true,&quot;autoplay&quot;:true,&quot;autoplaySpeed&quot;:2000,&quot;speed&quot;:700,&quot;slidesToShow&quot;:6,&quot;slidesToScroll&quot;:1,&quot;centerPadding&quot;:&quot;70px&quot;,&quot;centerMode&quot;:false,&quot;vertical&quot;:false,&quot;prevArrow&quot;:&quot;&lt;button type=\\&quot;button\\&quot; data-icon=\\&quot;&amp;#x34;\\&quot; class=\\&quot;slick-arrow slick-prev\\&quot;&gt;Prev&lt;\\\/button&gt;&quot;,&quot;nextArrow&quot;:&quot;&lt;button type=\\&quot;button\\&quot; data-icon=\\&quot;&amp;#x35;\\&quot; class=\\&quot;slick-arrow slick-next\\&quot;&gt;Prev&lt;\\\/button&gt;&quot;}\" >\n                <div class=\"et_d4_element ba_logo_carousel_child ba_logo_carousel_child_0\">\n\t\t\t\t\n\t\t\t\t\n\t\t\t\t\n\t\t\t\t\n\t\t\t\t\n\t\t\t\t\n\t\t\t\t<div class=\"et_pb_module_inner\">\n\t\t\t\t\t<div class=\"dtq-carousel-item dtq-logo-carousel-item dtq-swapped-img-selector\">\n\t\t\t    \n\t\t\t\t<a target=\"_blank\" href=\"http:\/\/www.hermo.com\/web\/inicio\/\" ><img decoding=\"async\" class=\"dtq-swapped-img\" data-mfp-src=\"https:\/\/policiascaninosisrrael.com.ve\/pciwp\/wp-content\/uploads\/2023\/09\/Hermo-004.png\" src=\"https:\/\/policiascaninosisrrael.com.ve\/pciwp\/wp-content\/uploads\/2023\/09\/Hermo-004.png\" alt=\"\"  \/><\/a>\n\t\t\t<\/div>\n\t\t\t\t<\/div>\n\t\t\t<\/div><div class=\"et_d4_element ba_logo_carousel_child ba_logo_carousel_child_1\">\n\t\t\t\t\n\t\t\t\t\n\t\t\t\t\n\t\t\t\t\n\t\t\t\t\n\t\t\t\t\n\t\t\t\t<div class=\"et_pb_module_inner\">\n\t\t\t\t\t<div class=\"dtq-carousel-item dtq-logo-carousel-item dtq-swapped-img-selector\">\n\t\t\t    \n\t\t\t\t<a target=\"_blank\" href=\"https:\/\/www.armada.mil.ve\/\" ><img decoding=\"async\" class=\"dtq-swapped-img\" data-mfp-src=\"https:\/\/policiascaninosisrrael.com.ve\/pciwp\/wp-content\/uploads\/2023\/09\/logoar.png\" src=\"https:\/\/policiascaninosisrrael.com.ve\/pciwp\/wp-content\/uploads\/2023\/09\/logoar.png\" alt=\"\"  \/><\/a>\n\t\t\t<\/div>\n\t\t\t\t<\/div>\n\t\t\t<\/div><div class=\"et_d4_element ba_logo_carousel_child ba_logo_carousel_child_2\">\n\t\t\t\t\n\t\t\t\t\n\t\t\t\t\n\t\t\t\t\n\t\t\t\t\n\t\t\t\t\n\t\t\t\t<div class=\"et_pb_module_inner\">\n\t\t\t\t\t<div class=\"dtq-carousel-item dtq-logo-carousel-item dtq-swapped-img-selector\">\n\t\t\t    \n\t\t\t\t<a target=\"_blank\" href=\"https:\/\/www2.guardia.mil.ve\/\" ><img decoding=\"async\" class=\"dtq-swapped-img\" data-mfp-src=\"https:\/\/policiascaninosisrrael.com.ve\/pciwp\/wp-content\/uploads\/2023\/09\/logognb.png\" src=\"https:\/\/policiascaninosisrrael.com.ve\/pciwp\/wp-content\/uploads\/2023\/09\/logognb.png\" alt=\"\"  \/><\/a>\n\t\t\t<\/div>\n\t\t\t\t<\/div>\n\t\t\t<\/div><div class=\"et_d4_element ba_logo_carousel_child ba_logo_carousel_child_3\">\n\t\t\t\t\n\t\t\t\t\n\t\t\t\t\n\t\t\t\t\n\t\t\t\t\n\t\t\t\t\n\t\t\t\t<div class=\"et_pb_module_inner\">\n\t\t\t\t\t<div class=\"dtq-carousel-item dtq-logo-carousel-item dtq-swapped-img-selector\">\n\t\t\t    \n\t\t\t\t<a target=\"_blank\" href=\"http:\/\/www.pdvsa.com\/index.php?option=com_content&#038;view=article&#038;id=8907&#038;Itemid=577&#038;lang=es\" ><img decoding=\"async\" class=\"dtq-swapped-img\" data-mfp-src=\"https:\/\/policiascaninosisrrael.com.ve\/pciwp\/wp-content\/uploads\/2023\/09\/Intevep_alfa.png\" src=\"https:\/\/policiascaninosisrrael.com.ve\/pciwp\/wp-content\/uploads\/2023\/09\/Intevep_alfa.png\" alt=\"\"  \/><\/a>\n\t\t\t<\/div>\n\t\t\t\t<\/div>\n\t\t\t<\/div><div class=\"et_d4_element ba_logo_carousel_child ba_logo_carousel_child_4\">\n\t\t\t\t\n\t\t\t\t\n\t\t\t\t\n\t\t\t\t\n\t\t\t\t\n\t\t\t\t\n\t\t\t\t<div class=\"et_pb_module_inner\">\n\t\t\t\t\t<div class=\"dtq-carousel-item dtq-logo-carousel-item dtq-swapped-img-selector\">\n\t\t\t    \n\t\t\t\t<a target=\"_blank\" href=\"https:\/\/www.gdc.gob.ve\/sistema\/frontend\/\" ><img decoding=\"async\" class=\"dtq-swapped-img\" data-mfp-src=\"https:\/\/policiascaninosisrrael.com.ve\/pciwp\/wp-content\/uploads\/2023\/09\/Gobierno.png\" src=\"https:\/\/policiascaninosisrrael.com.ve\/pciwp\/wp-content\/uploads\/2023\/09\/Gobierno.png\" alt=\"\"  \/><\/a>\n\t\t\t<\/div>\n\t\t\t\t<\/div>\n\t\t\t<\/div><div class=\"et_d4_element ba_logo_carousel_child ba_logo_carousel_child_5\">\n\t\t\t\t\n\t\t\t\t\n\t\t\t\t\n\t\t\t\t\n\t\t\t\t\n\t\t\t\t\n\t\t\t\t<div class=\"et_pb_module_inner\">\n\t\t\t\t\t<div class=\"dtq-carousel-item dtq-logo-carousel-item dtq-swapped-img-selector\">\n\t\t\t    \n\t\t\t\t<a target=\"_blank\" href=\"https:\/\/www.facebook.com\/GuardiadeHonorVe\" ><img decoding=\"async\" class=\"dtq-swapped-img\" data-mfp-src=\"https:\/\/policiascaninosisrrael.com.ve\/pciwp\/wp-content\/uploads\/2023\/09\/GHP.png\" src=\"https:\/\/policiascaninosisrrael.com.ve\/pciwp\/wp-content\/uploads\/2023\/09\/GHP.png\" alt=\"\"  \/><\/a>\n\t\t\t<\/div>\n\t\t\t\t<\/div>\n\t\t\t<\/div>\n            <\/div>\n\t\t\t\t<\/div>\n\t\t\t<\/div>\n\t\t\t<\/div>\n\t\t\t\t\n\t\t\t\t\n\t\t\t\t\n\t\t\t\t\n\t\t\t<\/div>\n\t\t\t\t\n\t\t\t\t\n\t\t\t<\/div><\/p>\n","protected":false},"excerpt":{"rendered":"","protected":false},"author":1,"featured_media":0,"parent":0,"menu_order":0,"comment_status":"closed","ping_status":"closed","template":"","meta":{"_et_pb_use_builder":"on","_et_pb_old_content":"","_et_gb_content_width":"","footnotes":""},"class_list":["post-212","page","type-page","status-publish","hentry"],"aioseo_notices":[],"_links":{"self":[{"href":"https:\/\/policiascaninosisrrael.com.ve\/pciwp\/wp-json\/wp\/v2\/pages\/212","targetHints":{"allow":["GET"]}}],"collection":[{"href":"https:\/\/policiascaninosisrrael.com.ve\/pciwp\/wp-json\/wp\/v2\/pages"}],"about":[{"href":"https:\/\/policiascaninosisrrael.com.ve\/pciwp\/wp-json\/wp\/v2\/types\/page"}],"author":[{"embeddable":true,"href":"https:\/\/policiascaninosisrrael.com.ve\/pciwp\/wp-json\/wp\/v2\/users\/1"}],"replies":[{"embeddable":true,"href":"https:\/\/policiascaninosisrrael.com.ve\/pciwp\/wp-json\/wp\/v2\/comments?post=212"}],"version-history":[{"count":30,"href":"https:\/\/policiascaninosisrrael.com.ve\/pciwp\/wp-json\/wp\/v2\/pages\/212\/revisions"}],"predecessor-version":[{"id":524,"href":"https:\/\/policiascaninosisrrael.com.ve\/pciwp\/wp-json\/wp\/v2\/pages\/212\/revisions\/524"}],"wp:attachment":[{"href":"https:\/\/policiascaninosisrrael.com.ve\/pciwp\/wp-json\/wp\/v2\/media?parent=212"}],"curies":[{"name":"wp","href":"https:\/\/api.w.org\/{rel}","templated":true}]}}